e?
False
Let c(b) = 242*b**2 - 4*b + 37. Let x be c(-7). Suppose 0 = 3*s - x - 10292. Is s prime?
False
Let y be (6/2)/(-3) - -3. Suppose -5*r - y*r + 161 = 0. Is r a composite number?
False
Let j = -1299 - -887. Let a be -749 - 1/(2/(-4)). Let p = j - a. Is p a composite number?
True
Is (6836 + -94)/(2/1) prime?
True
Let r(i) = -1895*i**2 - 7*i + 13. Let b(y) = 947*y**2 + 3*y - 6. Let t(v) = 9*b(v) + 4*r(v). Let j be t(-1). Is (j/12)/((-2)/(-4)) prime?
True
Suppose -82*t + 84*t - 5*p = 7927, -4*t - 5*p = -15839. Is t a composite number?
True
Let c(q) = -4*q**3 + 4*q**2 - 2*q + 2. Suppose -d - 5 - 13 = 3*n, 2*d + 21 = -3*n. Let t be c(n). Let h = 19 + t. Is h prime?
True
Let m be (5 - 0)*(72 - 2). Suppose 4*c - m = 954. Suppose 2*b = c + 248. Is b a prime number?
False
Let d = 14715 - -4028. Is d composite?
False
Let j = 3831 + 136. Is j a prime number?
True
Let i = -43 - -50. Let b(k) = -22*k**2 - 4*k - 12. Let a(t) = 65*t**2 + 12*t + 36. Let f(l) = 3*a(l) + 8*b(l). Is f(i) a prime number?
True
Let s(u) = 2*u + 2. Let w be s(-5). Let i = w - -21. Let v(x) = 16*x - 17. Is v(i) prime?
True
Let k(s) = -7*s**3 - 4*s**2 - 4*s - 10. Let o be k(4). Let a = o + 1217. Is a a prime number?
False
Let q(h) be the second derivative of -h**3/2 + 9*h**2/2 + h. Suppose -i + 3*k - 20 = 0, 4*i = 16*k - 12*k - 48. Is q(i) a composite number?
True
Let c(n) = -n + 7. Let b be c(0). Suppose -3*y + 2*v = -1681, b*y - 2208 = 3*y - 4*v. Is y a composite number?
False
Suppose 4*h - 10 + 2 = 0. Suppose -5*d + 2*n = 79, -3*d - h*n - 41 = -0*d. Is (-6)/d + (-3812)/(-20) prime?
True
Suppose 10*w = 6*w. Suppose 0 = -w*f + 2*f - 4. Suppose 3*y = f*n + 107, 5*y + n = 3*n + 177. Is y a prime number?
False
Let u(t) = -1766*t + 1. Let j be (-2)/2*(1 - 0). Let g be u(j). Suppose 0 = -2*r + 2, 3*l - 2*r - g = 268. Is l a prime number?
False
Suppose 5*w = -3*t - 0*t + 9175, 7372 = 4*w - 4*t. Let h = 2809 - w. Is h a composite number?
False
Let h = -37 + 40. Suppose 20 = -5*o + v, 3*o = 5*v - 3 - 9. Is (o - -1)/h*-31 prime?
True
Suppose 11*x - 5 = 12*x. Is (-3057)/x + (-30)/75 prime?
False
Suppose 15 = 4*d + 3*w, 2*d + 0*w = -4*w. Suppose -40 = d*v - 10*v. Is v prime?
False
Let g(x) = x**3 - 10*x**2 - 12*x + 7. Let y be g(11). Let o be (y + 5)*(0 - 13). Let b = o + 102. Is b a composite number?
False
Suppose -2*s = 3*j + 13598, 2*j + s - 2*s = -9077. Let p = -3127 - j. Is p a composite number?
False
Let s be (-12)/8*4/(-3). Let u(d) = -3 + 7 + 4*d**s + 5 - 3*d - d**2. Is u(-10) composite?
True
Let x(j) = -j**3 - 4*j**2 + 6*j + 7. Let o be x(-5). Suppose 662 = o*y - 96. Is y a prime number?
True
Let z be (-3 - -3)*(-4)/(-8). Suppose z = -3*i + 52 - 4. Suppose i = -3*b + 385. Is b composite?
True
Suppose -8166 = -4*d + 5*b - 1834, -5*d + 7878 = 3*b. Suppose -4*g = -d + 190. Is g composite?
False
Suppose 0 = -3*u + 4*j - 11 + 58, -14 = -u + j. Let c = 8 - u. Is (72 + 5)/(c/(-1)) prime?
False
Suppose 3*n = -5*h - n - 10, 0 = 5*h - 2*n + 10. Let o(g) = 17*g**2 + g. Let f be o(h). Suppose -a + f + 79 = 0. Is a composite?
True
Is 4/8 + 757/2 prime?
True
Suppose 6*j = -7*j + 3536. Suppose 0 = -y + 137 + j. Is y composite?
False
Suppose 0 = -4*o - 0*o + 20. Suppose -o*r = -r. Suppose -4*v - 5*a + 158 = 0, 5*v + 2*a + r*a - 189 = 0. Is v prime?
True
Is 3 - 4 - (6/1 + -4290) a composite number?
False
Suppose -4*v - 3*n = -0*n - 4, 0 = v - 2*n - 12. Suppose 0 = -3*r - o + 22, 4*r = -0*o + o + 20. Suppose -v*h = -r*h + 506. Is h a composite number?
True
Let r(c) = 1530*c + 257. Is r(8) composite?
False
Is (-24)/(-66) + 156258/22 a prime number?
True
Suppose 3*y + 4*b - 8916 = -y, -5*b - 4437 = -2*y. Suppose -3*u - 3*u = -y. Is u composite?
True
Suppose -3*q + 14133 = -11556. Is q prime?
True
Let h(q) = -q - 18. Let v be h(-17). Is 31 + 4 + v/(-1) + 1 prime?
True
Suppose g + 2*m - 1 = 0, g - 5*m - 17 = -3*g. Let v(u) = 6*u**3 - u**2 - 3*u + 1. Is v(g) a composite number?
True
Suppose 13*s - 15*s + 28 = 0. Is (-1278)/(-4)*s/21 prime?
False
Let j(y) = -y**3 - 6*y**2 - 6*y - 3. Let x be j(-5). Suppose 0 = x*k - 3*k + 21. Suppose k + 7 = 4*t. Is t composite?
False
Let k(a) = -83*a. Let r be k(1). Let h = -420 - r. Let j = h + 478. Is j prime?
False
Let f = 81 - 51. Suppose 2*l - f = -l. Let a(p) = 2*p**2 + p + 7. Is a(l) a composite number?
True
Suppose -5149 = -2*y - 4*d - 159, -4*d + 9996 = 4*y. Is y a composite number?
False
Suppose 134109 = 5*j + 4*m, -36139 = -j - 4*m - 9314. Is j a composite number?
False
Suppose 15 = 5*j, -4*j = -2*x + 35 + 59. Let g be 11 + 0 - (-3 - (-3 + 5)). Suppose -g*u + x = -15*u. Is u prime?
True
Let x be 4*(-59)/(-6)*(-30)/(-4). Suppose 5*n - 260 = x. Is n a composite number?
True
Suppose 3*u - 5*y = -29799, y = -3*u - 2*y - 29823. Let z = 16677 + u. Is z composite?
True
Let l(m) be the first derivative of -4 - 63/2*m**2 + 2*m. Is l(-1) prime?
False
Let l(u) = 4*u - 27. Let p be l(7). Is p/2 - 11964/(-24) composite?
False
Let o(p) = 729*p**2 - 4. Let x be o(2). Suppose -3*b - 5*r + 2913 = b, -4*b = 4*r - x. Is b prime?
True
Suppose -21*u + 10257 = 18*u. Is u composite?
False
Let s = 10 + -5. Suppose -5*z + 11 = -h, -z + 4*z + 167 = -s*h. Let c = 120 + h. Is c prime?
True
Let h = -40 + 127. Suppose 2*s = s - h. Is -2*s/3 - -1 composite?
False
Is 27/((-4131)/(-234838)) + 2/18 a prime number?
False
Let i(p) = 0*p**2 - 12 + 1 + 10 + 3*p + 9*p**2. Is i(11) composite?
True
Let j = 11850 - 7951. Is j composite?
True
Let q(u) = u + 3*u - u - 7 + 22. Let a be q(0). Is 3/a + 264/5 prime?
True
Suppose 3*a = 9, a + 1 = -n + 3*a. Suppose -n*m + 902 - 87 = 0. Is m a prime number?
True
Let j(i) = 1285*i + 301. Is j(52) a composite number?
False
Let r(k) = 77*k**2 - 3*k - 88. Is r(-19) a composite number?
True
Suppose -15357 = -32*o + 6435. Is o a prime number?
False
Let m(z) = 14*z - 7 + z**3 - 17*z + 3 - 4*z**2. Let y be m(7). Suppose -5*o = -y - 93. Is o a composite number?
False
Let x(m) = 118*m**3 + m**2 + 6*m - 10. Is x(3) composite?
False
Let k = -3907 - -5730. Is k composite?
False
Let d(b) = -b**3 - 15*b**2 - 13*b + 17. Suppose -y = -3*w - 40, -2*w + 4*y = -w + 6. Let u be d(w). Is ((-27)/(-18))/(u/2518) composite?
False
Is (-2)/(-8) - 324/144 - -46621 a composite number?
False
Let o(s) = -3*s**3 + 3*s**2 + 21*s + 23. Is o(-18) a prime number?
False
Let o(p) = -5*p + 218. Is o(-15) a prime number?
True
Let r = 580 - 2133. Let g = 8500 + r. Is g a prime number?
True
Is 109/((-1)/2*2/(-101)) a prime number?
False
Let d be (20 - 18)/(4/6). Let b be (2/1)/((-1)/(-26)). Let m = d + b. Is m a composite number?
True
Let d(g) = -47*g + 2. Let k(r) = -r + 1. Let q(t) = t - 5. Let b be q(4). Let m(n) = b*d(n) + 6*k(n). Is m(3) a composite number?
False
Suppose 0*w = -4*w + 5*i + 20, -10 = -2*w - 5*i. Let z be (50/w)/(1/2). Is 126/5 + (-4)/z a prime number?
False
Let w(m) = -m**3 + 25*m**2 - 22*m - 17. Is w(17) a prime number?
False
Let v(z) = z**2 - 6*z + 12. Let c be v(6). Suppose 7*r = c*r - 110. Is r composite?
True
Suppose -10*k - 15442 = -17*k. Suppose a - 1103 = 2*b, 5*a - k = 3*a + b. Is a composite?
False
Suppose -8*u + 4*f = -9*u + 825, 3*u = -2*f + 2515. Is u prime?
False
Suppose -507*g + 474 = -505*g. Is g a prime number?
False
Let x(m) = 799*m - 6. Let a be x(2). Suppose 5*v - 3563 = a. Is v composite?
False
Suppose v = -2*q + 48391, 0 = q + 2*v - 3*v - 24200. Is q prime?
True
Suppose 2*j = -7*j - 837. Let q(m) = -m**2 - 8*m - 10. Let r be q(-9). Let x = r - j. Is x a composite number?
True
Suppose -5*k + 2*k + 399 = 5*i, -5*k - 4*i = -678. Suppose 171*b - 175*b = 256. Let x = b + k. Is x composite?
True
Suppose 2*t - 2*w = 6460, 12926 = 4*t - 14*w + 12*w. Is t a composite number?
True
Let r = 242 + 587. Is r a composite number?
False
Let p be 15/(1/(13016/6)). Suppose p = 4*u + 4*d + 9376, -2*u + 5*d = -11561. Is u/14 - (-12)/(-28) composite?
True
Suppose 0 = -5*i + 86 + 354. Suppose -4*t + i = 4*v - 36, t = 4*v + 6. Suppose -t = -2*x + x - 3*u, 2*x - 4*u - 82 = 0. Is x a composite number?
True
Let m = -20 + 20. Suppose 2*c - 2*x + 4*x - 16 = 0, 4*c - 3*x - 11 = m. Suppose k + 174 = 3*k - 5*o, c*k + o = 381. Is k a prime number?
False
Let s(u) = 1599*u - 16. Is s(3) composite?
True
Let j(t) = -t - 1. Let c be j(0). Let i be 2/(-4)*-4*c. Let s(y) = 12*y**2 + 3*y + 1.